+ 22*i**2 - 354*i + 74. What is j(10)?
-266
Let z(l) = 2*l**3 - 26*l**2 - 1682*l + 22965. What is z(14)?
-191
Let b(u) = -152550*u + 152554. Calculate b(1).
4
Let w(f) = 2*f**2 + 9992*f + 2462734. Give w(-260).
14
Let a(g) = 715*g + 66477. Calculate a(-93).
-18
Let i(g) = -15*g**2 - 111*g - 387. Give i(-21).
-4671
Let p(a) = 5062*a + 222805. Give p(-44).
77
Let w(h) = 41*h**2 - 939*h - 944. Give w(-1).
36
Let a(o) = -838*o - 9602. What is a(-13)?
1292
Let w(f) = -9*f**2 - 530*f + 333. What is w(-59)?
274
Let l(s) = -s**3 + 75*s**2 - 92*s + 1368. Determine l(74).
36
Let a(u) = -61143*u + 1161698. Determine a(19).
-19
Let k(i) = -12*i**2 - 673*i + 850. Give k(-57).
223
Let o(r) = -494*r - 15609. Determine o(-33).
693
Let n(d) = -d**2 - 4037*d + 1361540. Determine n(313).
-10
Let k(t) = -142*t - 250. Calculate k(-17).
2164
Let b(y) = -562*y - 16606. Determine b(-30).
254
Let k(p) = 1339*p + 168721. Calculate k(-126).
7
Let d(r) = -r**3 - 55*r**2 - 1560*r - 44891. What is d(-43)?
1
Let a(l) = l**3 + 183*l**2 + 373*l + 1952. Determine a(-181).
-39
Let l(u) = -2*u**3 + 106*u**2 + 145*u - 22225. Determine l(50).
25
Let o(p) = -4512*p + 13640. What is o(3)?
104
Let h(o) = -20*o - 1381. Give h(-88).
379
Let u(d) = d**2 + 7262*d + 546148. Determine u(-76).
12
Let l(f) = -2*f**3 - 6*f**2 - 335*f - 1553. Calculate l(-6).
673
Let w(g) = -6*g**2 - 102*g - 344. Determine w(-4).
-32
Let k(g) = -2*g**2 + 1105050*g - 6630235. Give k(6).
-7
Let z(m) = -17*m - 2647. Determine z(-142).
-233
Let r(k) = 22*k**2 - 851*k - 83. Calculate r(40).
1077
Let w(m) = 14*m**2 - 117*m - 406. Give w(11).
1
Let u(r) = r**3 + 321*r**2 - 2330*r - 10381. What is u(-328)?
771
Let g(b) = -13734*b + 631772. Determine g(46).
8
Let r(u) = 6*u**2 + 4267*u + 25589. Determine r(-6).
203
Let m(u) = -2519*u + 307109. What is m(122)?
-209
Let u(l) = 2841*l + 1153430. Give u(-406).
-16
Let p(j) = -7*j**3 - 68*j**2 + 825*j + 8142. Determine p(-10).
92
Let t(g) = -12*g**3 - 26*g**2 - 46*g + 122. Give t(-4).
658
Let d(j) = 2*j**3 + 112*j**2 - 991*j - 1610. Calculate d(9).
1
Let x(m) = -167*m**2 - 14186*m - 91112. What is x(-7)?
7
Let s(a) = a**2 - 3739*a - 82747. Determine s(-22).
-5
Let b(o) = 2*o**3 - 41*o**2 - 238*o + 4729. What is b(20)?
-431
Let r(l) = -l**3 + 117*l**2 + 1183*l + 10998. What is r(127)?
-51
Let h(w) = 712*w**2 - 4256*w + 5627. Determine h(4).
-5
Let u(y) = -302*y + 698. Determine u(2).
94
Let h(d) = d**3 + 59*d**2 + 75*d - 1530. Calculate h(-57).
693
Let x(i) = -11*i**2 - 343*i + 308. What is x(-32)?
20
Let s(h) = 1158*h - 47014. Determine s(40).
-694
Let w(n) = -11711*n + 245938. Give w(21).
7
Let w(a) = -7*a + 1019. Give w(-33).
1250
Let a(x) = x**3 - x**2 - 45*x + 263. What is a(11)?
978
Let v(f) = -336*f**2 - 246*f + 7195. Calculate v(-5).
25
Let m(z) = -2431*z + 32076. Calculate m(13).
473
Let c(f) = 24*f**3 + 33*f**2 - 380*f + 341. Give c(1).
18
Let o(r) = 2*r**3 + 17*r**2 + 27*r + 112. Give o(-9).
-212
Let j(h) = -h**2 + 1946*h - 142095. Determine j(76).
25
Let n(c) = 3*c**2 + 300187*c + 5402391. Calculate n(-18).
-3
Let d(i) = i**3 - i**2 - 392*i + 1945. Determine d(5).
85
Let v(f) = -1756*f + 12125. What is v(7)?
-167
Let k(v) = -39044*v - 10502808. What is k(-269)?
28
Let g(w) = -w**2 + 11*w - 73. What is g(22)?
-315
Let t(a) = 44*a**2 - 486*a - 4480. Give t(-8).
2224
Let u(h) = -8*h**2 - 873*h + 63512. What is u(-159)?
71
Let s(r) = -748*r + 10155. Calculate s(14).
-317
Let x(z) = z**3 + 198*z**2 - 10901*z - 1547. Give x(45).
-17
Let s(t) = -t**3 - 433*t**2 - 45677*t + 327. What is s(-182)?
-583
Let k(m) = -m**3 + 85*m**2 - 154*m + 1336. What is k(83)?
2332
Let u(f) = 7*f**3 - 8*f**2 - 206*f + 12. Determine u(6).
0
Let j(u) = -u**3 + 6*u**2 + 26*u - 95. Determine j(3).
10
Let t(n) = 36*n**2 - 9544*n + 19999. Calculate t(263).
11
Let d(i) = 2723*i + 164946. What is d(-61)?
-1157
Let b(n) = -2*n**3 + 399*n**2 + 1956*n + 1322. Give b(-4).
10
Let n(g) = 956337*g - 25821097. What is n(27)?
2
Let d(j) = 30*j**2 + 5*j + 87. Give d(0).
87
Let p(h) = 146724*h - 880318. Calculate p(6).
26
Let u(y) = 285*y + 38753. Calculate u(-136).
-7
Let j(f) = -12184*f - 85251. Determine j(-7).
37
Let r(g) = 141*g**2 + 644*g - 26. What is r(-4)?
-346
Let p(k) = -k**3 - 172*k**2 + 194*k + 4507. Give p(-173).
874
Let f(w) = 3*w**3 + 116*w**2 - 428*w - 173. Calculate f(-42).
163
Let u(z) = 78*z - 3617. Give u(29).
-1355
Let k(o) = o**2 - 108*o + 104. Calculate k(100).
-696
Let g(n) = -11*n**3 - 20948*n**2 + 13322*n - 24752. What is g(-1905)?
13
Let q(i) = i**2 + 151*i - 9488. Determine q(46).
-426
Let i(c) = c**2 + 78*c - 4201. Calculate i(36).
-97
Let q(p) = -859*p - 30021. Calculate q(-35).
44
Let p(h) = 22*h**3 + 13*h**2 + 22. Determine p(-4).
-1178
Let i(y) = -12*y**2 - 1090*y + 3697. Calculate i(-94).
125
Let n(u) = -60*u - 3483. Calculate n(-53).
-303
Let c(a) = -4*a**2 + 3947*a - 35467. Determine c(9).
-268
Let v(a) = 5*a**2 + 9594*a + 180484. Determine v(-19).
3
Let q(f) = -11*f**3 - 22*f**2 + 8874*f + 17738. What is q(-2)?
-10
Let i(g) = 277*g - 31047. Give i(113).
254
Let y(p) = -p**3 + 3*p**2 - 1291*p + 6457. Calculate y(5).
-48
Let h(w) = -w**2 + 293*w + 7961. Give h(-25).
11
Let a(v) = -279*v - 30560. What is a(-98)?
-3218
Let g(q) = -9191*q - 73539. Determine g(-8).
-11
Let f(v) = -v**3 + 16*v**2 + 5*v - 664. What is f(13)?
-92
Let x(q) = -q**2 - 118*q - 330. Give x(-110).
550
Let w(c) = 480*c**2 - 1973*c + 74. Determine w(4).
-138
Let t(i) = -316*i**2 - 8857*i + 21. What is t(-28)?
273
Let u(a) = -a**3 - 39*a**2 + 1525*a + 58171. Calculate u(-43).
-8
Let n(j) = 11*j**2 - 246*j - 1146. Determine n(-5).
359
Let h(a) = 9*a**2 - 2715*a - 39765. Calculate h(-14).
9
Let o(w) = -34211*w - 3865850. Give o(-113).
-7
Let z(a) = -128186*a - 2179125. Give z(-17).
37
Let p(m) = 21169*m + 444537. What is p(-21)?
-12
Let g(v) = -677*v**2 + 9498*v - 223. Determine g(14).
57
Let q(b) = -b**3 - 1524*b**2 + 32347*b - 151413. Determine q(-1545).
-3
Let r(x) = x**3 + 76*x**2 - 70*x - 318. Give r(-77).
-857
Let f(q) = -2381*q - 54757. Calculate f(-23).
6
Let o(r) = r**2 - 75*r - 86706. What is o(-259)?
-200
Let o(r) = 32*r**3 - 10*r**2 + 7*r. What is o(1)?
29
Let p(s) = -41923*s + 838469. Determine p(20).
9
Let v(y) = 19*y - 123. Calculate v(20).
257
Let u(d) = d**3 + 4061*d**2 - 73412*d - 143. Calculate u(18).
37
Let x(f) = -75928*f - 1518562. Give x(-20).
-2
Let a(w) = 12*w**2 - 153*w + 1825. Calculate a(11).
1594
Let c(h) = -2*h**3 + 33*h**2 - 516*h + 8889. Calculate c(17).
-172
Let b(f) = 58*f**2 - 1862*f + 11180. What is b(8)?
-4
Let z(l) = -l**2 - 95*l - 1213. Give z(-33).
833
Let b(p) = -p**3 + 86*p**2 - 833*p + 463. What is b(75)?
-137
Let g(l) = -1386*l + 6274. Determine g(3).
2116
Let l(o) = 68704*o + 549838. Calculate l(-8).
206
Let v(s) = -2555*s + 89383. What is v(35)?
-42
Let o(j) = 436*j**2 + 7337*j + 11. Give o(-17).
1286
Let l(o) = -23686*o - 189494. Give l(-8).
-6
Let t(q) = q**3 - 445*q**2 - 2204*q - 20581. Determine t(450).
119
Let a(g) = -48213*g - 192865. Calculate a(-4).
-13
Let l(x) = -18*x**3 - 17*x**2 - 5*x + 1. Calculate l(2).
-221
Let l(b) = 1003*b + 103691. Give l(-102).
1385
Let t(p) = -3*p**3 - 6*p**2 + 22*p - 26. What is t(2)?
-30
Let b(m) = -1211387*m - 3634167. Determine b(-3).
-6
Let v(x) = 5*x**2 + 93*x - 5927. Give v(-45).
13
Let g(a) = -2*a**3 - 43*a**2 - 345*a - 824. Determine g(-21).
5980
Let q(s) = 166*s**2 + 438*s - 859. Give q(2).
681
Let v(s) = -942*s - 555798. What is v(-590)?
-18
Let d(q) = q**3 - 45*q**2 + 420*q - 7115. Give d(39).
139
Let f(k) = 2222*k + 202111. What is f(-91)?
-91
Let w(j) = j**3 - 88*j**2 - 2553*j + 7. Determine w(111).
7
Let s(u) = -7189*u - 28845. Determine s(-4).
-89
Let l(a) = 9881*a + 266768. Give l(-27).
-19
Let x(w) = 11*w**2 + 2297*w + 2009. Calculate x(-208).
137
Let o(u) = -289*u**3 + 8671*u**2 + 623*u - 19585. Determine o(30).
5
Let v(j) = 5*j**3 + 13*j**2 - 13*j - 7. Calculate v(7).
2254
Let n(b) = 957*b + 4664. Give n(-4).
836
Let k(t) = -t**2 - 564*t - 6081. What is k(-11)?
2
Let s(j) = 309*j - 25405. Determine s(82).
-67
Let b(n) = -2*n**3 - 1056*n**2 + 17403*n - 2744. Give b(-544).
-24
Let h(y) = 22*y**2 - 209*y - 969. Calculate h(13).
32
Let d(n) = -12*n**3 - 3*n**2 - 26*n - 66. Determine d(-3).
309
Let d(l) = -